{"id":42,"date":"2020-09-03T19:31:47","date_gmt":"2020-09-03T19:31:47","guid":{"rendered":"http:\/\/www.jylsoluciones.com\/Costa%20Rica\/?page_id=42"},"modified":"2020-10-01T22:30:38","modified_gmt":"2020-10-01T22:30:38","slug":"servicios","status":"publish","type":"page","link":"http:\/\/www.jylsoluciones.com\/Costa%20Rica\/index.php\/servicios\/","title":{"rendered":"SERVICIOS"},"content":{"rendered":"\t\t<div data-elementor-type=\"wp-page\" data-elementor-id=\"42\" class=\"elementor elementor-42\" data-elementor-settings=\"[]\">\n\t\t\t\t\t\t<div class=\"elementor-inner\">\n\t\t\t\t\t\t\t<div class=\"elementor-section-wrap\">\n\t\t\t\t\t\t\t<section class=\"elementor-section elementor-top-section elementor-element elementor-element-637197d8 elementor-section-content-middle elementor-section-boxed elementor-section-height-default elementor-section-height-default\" data-id=\"637197d8\" data-element_type=\"section\" data-settings=\"{&quot;background_background&quot;:&quot;classic&quot;}\">\n\t\t\t\t\t\t<div class=\"elementor-container elementor-column-gap-no\">\n\t\t\t\t\t\t\t<div class=\"elementor-row\">\n\t\t\t\t\t<div class=\"elementor-column elementor-col-100 elementor-top-column elementor-element elementor-element-43d860d7\" data-id=\"43d860d7\" data-element_type=\"column\">\n\t\t\t<div class=\"elementor-column-wrap elementor-element-populated\">\n\t\t\t\t\t\t\t<div class=\"elementor-widget-wrap\">\n\t\t\t\t\t\t<div class=\"elementor-element elementor-element-7efc9f17 elementor-widget elementor-widget-heading\" data-id=\"7efc9f17\" data-element_type=\"widget\" data-widget_type=\"heading.default\">\n\t\t\t\t<div class=\"elementor-widget-container\">\n\t\t\t<h4 class=\"elementor-heading-title elementor-size-default\">SERVICIOS<\/h4>\t\t<\/div>\n\t\t\t\t<\/div>\n\t\t\t\t<div class=\"elementor-element elementor-element-8f1df20 elementor-widget-divider--view-line elementor-widget elementor-widget-divider\" data-id=\"8f1df20\" data-element_type=\"widget\" data-widget_type=\"divider.default\">\n\t\t\t\t<div class=\"elementor-widget-container\">\n\t\t\t\t\t<div class=\"elementor-divider\">\n\t\t\t<span class=\"elementor-divider-separator\">\n\t\t\t\t\t\t<\/span>\n\t\t<\/div>\n\t\t\t\t<\/div>\n\t\t\t\t<\/div>\n\t\t\t\t<div class=\"elementor-element elementor-element-15e395e3 elementor-invisible elementor-widget elementor-widget-text-editor\" data-id=\"15e395e3\" data-element_type=\"widget\" data-settings=\"{&quot;_animation&quot;:&quot;fadeIn&quot;}\" data-widget_type=\"text-editor.default\">\n\t\t\t\t<div class=\"elementor-widget-container\">\n\t\t\t\t\t<div class=\"elementor-text-editor elementor-clearfix\"><p>Grupo JYL Soluciones es una compa\u00f1\u00eda con mas de 19 a\u00f1os de estar en el mercado costarricense y centroamericano, brindando soluciones de empaque.<\/p><p>Durante todo este recorrido nos hemos dado a la tarea de prepararnos y as\u00ed transmitir un sin numero de ideas para su mercader\u00eda sea cual sea, se transporta y se almacena de forma segura y adecuada. Representando marcas que cuentan con la mejor tecnolog\u00eda, calidad y precio acorde a las necesidades del mercado tanto en Costa Rica como en el mercado Centroamericano.<\/p><p>Grupo JYL posee dentro de su cartera de proveedores compa\u00f1\u00edas serias y comprometidas a mantener la calidad ofrecida e innovar a cada momento para no quedarse rezagados ante los cambios tecnol\u00f3gicos que se dan d\u00eda a d\u00eda.<\/p><p>El hecho de asociarse comercialmente a Grupo JYL es una raz\u00f3n para sentir confianza ya que nuestro stock es uno de los mas estables y programados para que nuestros socios comerciales se garanticen siempre estar prove\u00eddos a tiempo.<\/p><\/div>\n\t\t\t\t<\/div>\n\t\t\t\t<\/div>\n\t\t\t\t\t\t<\/div>\n\t\t\t\t\t<\/div>\n\t\t<\/div>\n\t\t\t\t\t\t\t\t<\/div>\n\t\t\t\t\t<\/div>\n\t\t<\/section>\n\t\t\t\t\t\t<\/div>\n\t\t\t\t\t\t<\/div>\n\t\t\t\t\t<\/div>\n\t\t","protected":false},"excerpt":{"rendered":"<p>SERVICIOS Grupo JYL Soluciones es una compa\u00f1\u00eda con mas de 19 a\u00f1os de estar en el mercado costarricense y centroamericano, brindando soluciones de empaque. Durante todo este recorrido nos hemos dado a la tarea de prepararnos y as\u00ed transmitir un sin numero de ideas para su mercader\u00eda sea cual sea, se transporta y se almacena [&hellip;]<\/p>\n","protected":false},"author":1,"featured_media":0,"parent":0,"menu_order":0,"comment_status":"closed","ping_status":"closed","template":"elementor_canvas","meta":[],"_links":{"self":[{"href":"http:\/\/www.jylsoluciones.com\/Costa%20Rica\/index.php\/wp-json\/wp\/v2\/pages\/42"}],"collection":[{"href":"http:\/\/www.jylsoluciones.com\/Costa%20Rica\/index.php\/wp-json\/wp\/v2\/pages"}],"about":[{"href":"http:\/\/www.jylsoluciones.com\/Costa%20Rica\/index.php\/wp-json\/wp\/v2\/types\/page"}],"author":[{"embeddable":true,"href":"http:\/\/www.jylsoluciones.com\/Costa%20Rica\/index.php\/wp-json\/wp\/v2\/users\/1"}],"replies":[{"embeddable":true,"href":"http:\/\/www.jylsoluciones.com\/Costa%20Rica\/index.php\/wp-json\/wp\/v2\/comments?post=42"}],"version-history":[{"count":20,"href":"http:\/\/www.jylsoluciones.com\/Costa%20Rica\/index.php\/wp-json\/wp\/v2\/pages\/42\/revisions"}],"predecessor-version":[{"id":1539,"href":"http:\/\/www.jylsoluciones.com\/Costa%20Rica\/index.php\/wp-json\/wp\/v2\/pages\/42\/revisions\/1539"}],"wp:attachment":[{"href":"http:\/\/www.jylsoluciones.com\/Costa%20Rica\/index.php\/wp-json\/wp\/v2\/media?parent=42"}],"curies":[{"name":"wp","href":"https:\/\/api.w.org\/{rel}","templated":true}]}}